{"id":449,"date":"2014-10-28T13:25:41","date_gmt":"2014-10-28T13:25:41","guid":{"rendered":"http:\/\/www.webillusion.in\/serenisimagranlogia\/?page_id=449"},"modified":"2015-11-04T18:52:54","modified_gmt":"2015-11-04T18:52:54","slug":"tours","status":"publish","type":"page","link":"http:\/\/www.sgl-usa.com\/?page_id=449","title":{"rendered":"Tours"},"content":{"rendered":"<div class=\"tour_wrapper\">\n<div class=\"tour_contanier\">\n<div class=\"tour_inner\">\n<div class=\"tour_heading\">Tours<\/div>\n<\/div>\n<div class=\"tour_txt\">El Gran Templo Hist\u00f3rico est\u00e1 localizado en el centro de Manhattan en Times Square. El edificio esta dividido en dos partes. Los dos primeros pisos son teatros de ensayos y los dos \u00faltimos pisos son los templos Mas\u00f3nicos que incluye nuestra biblioteca y museo. El edificio es manejado por Fraternidad Realty Corp, componido y formado por la Gran Logia y sus miembros. El edificio se compr\u00f3 en 1971 como la sede de la Seren\u00edsima Gran Logia al igual que el Museo Masonico AJEF Rene Molina y Adriano J. Medina y la Biblioteca Masonica Felix San Antonio.Para recibir informacion sobre tours y pedir un tour, mande un e-mail a <a>SerenisimaGLLE@twcmetrobiz.com<\/a>. Tours p\u00fablicos son gratis y se dan solamente por citas.<\/div>\n<div class=\"tour_heading\">Museo Masonico AJEF Rene Molina y Adriano J. Medina y Biblioteca Felix San Antonio<\/div>\n<div class=\"tour_txt\">Tambi\u00e9n est\u00e1n invitados a visitar nuestro museo y biblioteca localizados en el 3er piso de nuestro edificio. El museo y biblioteca est\u00e1n abierto para el p\u00fablico y se dan tours p\u00fablicos solo por citas. Para recibir informaci\u00f3n sobre tours y pedir un tour, mande un e-mail a <a>SerenisimaGLLE@<\/a><a href=\"http:\/\/www.sgl-usa.com\/wp-admin\/post.php?post=449&amp;action=edit\">twcmetrobiz.com<\/a><a>.<\/a><\/div>\n<div class=\"map\">\n<p><iframe loading=\"lazy\" style=\"border: 0;\" src=\"https:\/\/www.google.com\/maps\/embed?pb=!1m14!1m8!1m3!1d3022.0958878638485!2d-73.9905716!3d40.7599157!3m2!1i1024!2i768!4f13.1!3m3!1m2!1s0x89c25853bf665aa1%3A0x40c70ee6ec92bcba!2s354+W+45th+St%2C+New+York%2C+NY+10036%2C+USA!5e0!3m2!1sen!2sin!4v1415846067409\" width=\"1100\" height=\"450\" frameborder=\"0\"><\/iframe><\/p>\n<\/div>\n<\/div>\n<\/div>\n","protected":false},"excerpt":{"rendered":"<p>Tours El Gran Templo Hist\u00f3rico est\u00e1 localizado en el centro de Manhattan en Times Square. El edificio esta dividido en dos partes. Los dos primeros pisos son teatros de ensayos y los dos \u00faltimos pisos son los templos Mas\u00f3nicos que incluye nuestra biblioteca y museo. El edificio es manejado por Fraternidad Realty Corp, componido y [&hellip;]<\/p>\n","protected":false},"author":1,"featured_media":0,"parent":0,"menu_order":0,"comment_status":"open","ping_status":"open","template":"","meta":[],"_links":{"self":[{"href":"http:\/\/www.sgl-usa.com\/index.php?rest_route=\/wp\/v2\/pages\/449"}],"collection":[{"href":"http:\/\/www.sgl-usa.com\/index.php?rest_route=\/wp\/v2\/pages"}],"about":[{"href":"http:\/\/www.sgl-usa.com\/index.php?rest_route=\/wp\/v2\/types\/page"}],"author":[{"embeddable":true,"href":"http:\/\/www.sgl-usa.com\/index.php?rest_route=\/wp\/v2\/users\/1"}],"replies":[{"embeddable":true,"href":"http:\/\/www.sgl-usa.com\/index.php?rest_route=%2Fwp%2Fv2%2Fcomments&post=449"}],"version-history":[{"count":13,"href":"http:\/\/www.sgl-usa.com\/index.php?rest_route=\/wp\/v2\/pages\/449\/revisions"}],"predecessor-version":[{"id":1471,"href":"http:\/\/www.sgl-usa.com\/index.php?rest_route=\/wp\/v2\/pages\/449\/revisions\/1471"}],"wp:attachment":[{"href":"http:\/\/www.sgl-usa.com\/index.php?rest_route=%2Fwp%2Fv2%2Fmedia&parent=449"}],"curies":[{"name":"wp","href":"https:\/\/api.w.org\/{rel}","templated":true}]}}